he highest common divisor of 180 and 52471215.
45
Calculate the highest common factor of 333 and 158122756.
37
What is the greatest common factor of 856520754 and 25512?
6378
Calculate the greatest common divisor of 3061764 and 6.
6
Calculate the greatest common factor of 56 and 29756293.
7
What is the highest common divisor of 1218867 and 1248?
39
Calculate the greatest common factor of 736597 and 26569.
163
Calculate the highest common divisor of 52 and 1603433.
13
What is the greatest common factor of 5949 and 32937630?
1983
What is the highest common divisor of 52925 and 1327475?
725
What is the highest common divisor of 1384 and 367420514?
346
Calculate the highest common factor of 203 and 8719488.
29
What is the highest common factor of 841728 and 1146416?
2192
What is the highest common divisor of 7962 and 110597488?
2654
What is the highest common divisor of 2934 and 808500864?
978
Calculate the highest common factor of 2346 and 2480826.
138
Calculate the greatest common factor of 1062056 and 32.
8
What is the greatest common divisor of 5 and 24413113?
1
Calculate the highest common divisor of 116272 and 2807212.
172
What is the highest common divisor of 3891 and 18195613?
1297
What is the greatest common factor of 440088 and 48?
24
Calculate the greatest common factor of 392690 and 26424.
734
What is the greatest common factor of 190 and 614422?
38
What is the greatest common divisor of 14070993 and 40044?
213
What is the highest common divisor of 19227 and 18853770?
1131
What is the greatest common divisor of 43268 and 7313104?
116
Calculate the highest common factor of 26064 and 5616.
144
Calculate the highest common factor of 6806384 and 624.
208
Calculate the highest common divisor of 7029 and 482932131.
2343
Calculate the highest common divisor of 27913 and 666719.
103
What is the greatest common factor of 32167 and 23351?
19
What is the highest common factor of 500 and 15947980?
20
What is the highest common factor of 16996976 and 1504?
16
What is the highest common factor of 157 and 86177771?
157
What is the greatest common divisor of 939481 and 3128?
23
What is the greatest common factor of 47061154 and 168?
14
Calculate the highest common factor of 85453884 and 36.
36
What is the highest common factor of 7529858 and 4102?
14
Calculate the greatest common factor of 1290856 and 37.
37
Calculate the greatest common divisor of 5816033 and 391.
23
What is the greatest common factor of 19207041 and 1484?
371
What is the highest common factor of 2150514 and 8325?
333
What is the highest common factor of 579674 and 16?
2
Calculate the highest common factor of 107678584 and 7844.
148
What is the greatest common factor of 43481475 and 308025?
8325
What is the highest common divisor of 746 and 9044877?
373
Calculate the highest common factor of 1776 and 6096.
48
What is the highest common factor of 33322336 and 717?
239
Calculate the highest common factor of 110 and 31457195.
55
What is the highest common divisor of 183000 and 1360056?
1464
Calculate the greatest common divisor of 2268740 and 115.
5
What is the greatest common factor of 3909664 and 1408?
352
What is the greatest common factor of 4319195 and 22716?
631
Calculate the highest common divisor of 25628438 and 67.
67
Calculate the highest common factor of 657573 and 32641.
7
What is the highest common divisor of 3500 and 23857750?
1750
Calculate the greatest common divisor of 1814 and 1143317943.
907
Calculate the greatest common factor of 139432 and 746112.
232
Calculate the highest common factor of 4212734 and 2630.
526
Calculate the highest common factor of 108 and 6487620.
12
What is the highest common factor of 22578920 and 10?
10
What is the highest common divisor of 47223650 and 50?
50
Calculate the greatest common divisor of 5388 and 446767572.
5388
What is the highest common factor of 14 and 183981784?
14
What is the greatest common factor of 3953624 and 900280?
2536
Calculate the greatest common divisor of 440091 and 2583729.
963
Calculate the greatest common factor of 32972649 and 12869.
757
What is the greatest common factor of 29410520 and 1240?
40
What is the greatest common divisor of 110 and 33971830?
10
What is the greatest common factor of 22851 and 6543?
9
Calculate the highest common divisor of 7 and 1668583.
7
Calculate the greatest common factor of 1563924 and 848355.
7377
Calculate the highest common factor of 44 and 10420940.
4
What is the greatest common divisor of 2361073 and 1106?
79
What is the greatest common factor of 1806607 and 1207?
17
Calculate the greatest common divisor of 538636998 and 18.
6
What is the greatest common factor of 28 and 1282360?
4
What is the greatest common divisor of 3709286 and 3374?
14
What is the highest common divisor of 1452 and 22405944?
132
What is the greatest common factor of 1100 and 8824475?
275
What is the highest common divisor of 75093795 and 167580?
5985
What is the greatest common factor of 257076 and 2786544?
1332
Calculate the highest common divisor of 9243 and 39971867.
1027
Calculate the highest common factor of 475 and 4575750.
25
Calculate the highest common divisor of 26476 and 361271639.
6619
Calculate the greatest common divisor of 20909 and 29696754.
2987
What is the highest common factor of 968 and 385737836?
484
Calculate the greatest common divisor of 41025392 and 1328.
16
Calculate the highest common divisor of 310230873 and 3177.
3177
What is the highest common factor of 112180 and 3200?
20
Calculate the highest common factor of 672815 and 650.
65
Calculate the highest common factor of 9122336 and 2624.
1312
What is the greatest common factor of 87132 and 52608?
1644
What is the greatest common divisor of 185318 and 213683?
1891
Calculate the greatest common divisor of 2689401 and 819.
39
What is the greatest common divisor of 1337 and 92869357?
1337
What is the highest common divisor of 247275135 and 158?
79
What is the greatest common factor of 1096 and 2012804?
548
Calculate the highest common divisor of 7182 and 322308.
126
What is the highest common factor of 557664440 and 19?
19
Calculate the greatest common divisor of 1544812 and 59732.
548
Calculate the highest common divisor of 120 and 691424120.
40
Calculate the highest common divisor of 5393 and 1546879583.
5393
Calculate the highest common divisor of 176827530 and 825.
165
Calculate the highest common divisor of 2839023 and 2673.
297
Calculate the highest common factor of 101 and 250958033.
101
What is the highest common divisor of 383832 and 225288?
216
Calculate the highest common divisor of 839916 and 18788.
308
What is the highest common factor of 5430840 and 4175?
835
Calculate the greatest common divisor of 153 and 8290521.
9
Calculate the highest common divisor of 12852 and 226036386.
918
Calculate the greatest common divisor of 155414 and 101864.
238
What is the highest common factor of 196581740 and 2947?
421
Calculate the highest common divisor of 10880 and 1189830.
170
Calculate the greatest common factor of 34458003 and 1272.
159
Calculate the highest common divisor of 133 and 417343835.
19
What is the greatest common divisor of 49 and 148939?
7
Calculate the highest common factor of 39 and 95402424.
39
Calculate the highest common divisor of 448190 and 5605.
5
What is the highest common divisor of 3026 and 73559?
17
What is the greatest common divisor of 376549226 and 3966?
1322
What is the greatest common divisor of 907412 and 50963?
451
What is the highest common factor of 1891844 and 1034?
94
What is the highest common factor of 70 and 394115?
5
Calculate the greatest common divisor of 42832368 and 504.
72
What is the highest common divisor of 2728227852 and 6?
6
What is the highest common divisor of 208012 and 557396?
476
Calculate the highest common factor of 1382000 and 550.
50
Calculate the highest common divisor of 67440 and 18746634.
1686
What is the greatest common divisor of 4527222 and 714?
42
Calculate the highest common divisor of 1856700 and 80100.
900
Calculate the highest common factor of 256 and 65584.
16
What is the greatest common factor of 5766 and 1639342?
62
What is the greatest common divisor of 209 and 14491281?
19
What is the highest common factor of 64 and 984?
8
Calculate the greatest 